64.
4
What is the remainder when 174 is divided by 22?
20
Calculate the remainder when 1951 is divided by 93.
91
Calculate the remainder when 1279 is divided by 44.
3
What is the remainder when 1006 is divided by 18?
16
Calculate the remainder when 219 is divided by 37.
34
Calculate the remainder when 150 is divided by 64.
22
Calculate the remainder when 94 is divided by 28.
10
Calculate the remainder when 1975 is divided by 20.
15
Calculate the remainder when 49 is divided by 41.
8
Calculate the remainder when 1176 is divided by 125.
51
Calculate the remainder when 684 is divided by 112.
12
What is the remainder when 510 is divided by 107?
82
What is the remainder when 359 is divided by 35?
9
What is the remainder when 59 is divided by 8?
3
What is the remainder when 15547 is divided by 25?
22
Calculate the remainder when 208 is divided by 11.
10
What is the remainder when 118 is divided by 23?
3
Calculate the remainder when 930 is divided by 51.
12
Calculate the remainder when 139 is divided by 43.
10
What is the remainder when 210 is divided by 76?
58
Calculate the remainder when 275 is divided by 71.
62
Calculate the remainder when 996 is divided by 36.
24
Calculate the remainder when 918 is divided by 28.
22
What is the remainder when 9243 is divided by 19?
9
Calculate the remainder when 410 is divided by 32.
26
What is the remainder when 5244 is divided by 20?
4
What is the remainder when 998 is divided by 50?
48
Calculate the remainder when 2252 is divided by 255.
212
Calculate the remainder when 1763 is divided by 49.
48
What is the remainder when 506 is divided by 73?
68
Calculate the remainder when 1096 is divided by 362.
10
What is the remainder when 113 is divided by 11?
3
Calculate the remainder when 1060 is divided by 22.
4
Calculate the remainder when 583 is divided by 68.
39
What is the remainder when 76 is divided by 12?
4
Calculate the remainder when 1479 is divided by 20.
19
What is the remainder when 2462 is divided by 163?
17
What is the remainder when 448 is divided by 6?
4
What is the remainder when 1595 is divided by 7?
6
Calculate the remainder when 149 is divided by 50.
49
What is the remainder when 172 is divided by 74?
24
Calculate the remainder when 188 is divided by 72.
44
What is the remainder when 2398 is divided by 477?
13
What is the remainder when 257 is divided by 26?
23
Calculate the remainder when 257 is divided by 245.
12
What is the remainder when 37 is divided by 23?
14
What is the remainder when 132 is divided by 18?
6
Calculate the remainder when 204 is divided by 30.
24
What is the remainder when 44 is divided by 10?
4
What is the remainder when 559 is divided by 559?
0
Calculate the remainder when 782 is divided by 5.
2
Calculate the remainder when 6268 is divided by 54.
4
Calculate the remainder when 73 is divided by 19.
16
What is the remainder when 3198 is divided by 33?
30
What is the remainder when 103 is divided by 31?
10
What is the remainder when 433 is divided by 22?
15
Calculate the remainder when 220 is divided by 18.
4
What is the remainder when 437 is divided by 40?
37
What is the remainder when 4735 is divided by 74?
73
What is the remainder when 793 is divided by 211?
160
What is the remainder when 598 is divided by 50?
48
What is the remainder when 152 is divided by 12?
8
Calculate the remainder when 117 is divided by 40.
37
What is the remainder when 865 is divided by 31?
28
What is the remainder when 599 is divided by 43?
40
What is the remainder when 94 is divided by 50?
44
What is the remainder when 111 is divided by 33?
12
What is the remainder when 892 is divided by 184?
156
Calculate the remainder when 192 is divided by 39.
36
Calculate the remainder when 868 is divided by 87.
85
What is the remainder when 184 is divided by 62?
60
Calculate the remainder when 1169 is divided by 90.
89
Calculate the remainder when 32 is divided by 15.
2
What is the remainder when 242 is divided by 13?
8
What is the remainder when 147 is divided by 4?
3
What is the remainder when 76 is divided by 27?
22
What is the remainder when 439 is divided by 54?
7
What is the remainder when 264 is divided by 68?
60
What is the remainder when 3364 is divided by 186?
16
What is the remainder when 3222 is divided by 3213?
9
Calculate the remainder when 452 is divided by 63.
11
What is the remainder when 7069 is divided by 70?
69
What is the remainder when 3133 is divided by 125?
8
What is the remainder when 72 is divided by 65?
7
What is the remainder when 918 is divided by 10?
8
Calculate the remainder when 16079 is divided by 335.
334
What is the remainder when 681 is divided by 31?
30
What is the remainder when 556 is divided by 78?
10
What is the remainder when 548 is divided by 113?
96
What is the remainder when 67 is divided by 46?
21
Calculate the remainder when 201 is divided by 29.
27
What is the remainder when 88 is divided by 18?
16
What is the remainder when 4725 is divided by 6?
3
What is the remainder when 1759 is divided by 471?
346
Calculate the remainder when 95 is divided by 16.
15
Calculate the remainder when 267 is divided by 2.
1
Calculate the remainder when 452 is divided by 24.
20
Calculate the remainder when 740 is divided by 57.
56
Calculate the remainder when 5227 is divided by 1740.
7
Calculate the remainder when 102 is divided by 24.
6
Calculate the remainder when 149 is divided by 31.
25
Calculate the remainder when 133 is divided by 9.
7
What is the remainder when 376 is divided by 369?
7
What is the remainder when 235 is divided by 44?
15
What is the remainder when 3584 is divided by 156?
152
Calculate the remainder when 829 is divided by 411.
7
What is the remainder when 37180 is divided by 19?
16
Calculate the remainder when 49 is divided by 17.
15
Calculate the remainder when 43 is divided by 1.
0
Calculate the remainder when 1718 is divided by 148.
90
What is the remainder when 403 is divided by 287?
116
What is the remainder when 2124 is divided by 7?
3
What is the remainder when 206 is divided by 14?
10
Calculate the remainder when 433 is divided by 70.
13
What is the remainder when 35 is divided by 25?
10
Calculate the remainder when 2210 is divided by 45.
5
What is the remainder when 380 is divided by 35?
30
What is the remainder when 1109 is divided by 314?
167
What is the remainder when 953 is divided by 33?
29
What is the remainder when 208 is divided by 176?
32
What is the remainder when 91 is divided by 32?
27
What is the remainder when 79 is divided by 24?
7
What is the remainder when 3613 is divided by 5?
3
What is the remainder when 54 is divided by 14?
12
What is the remainder when 149 is divided by 78?
71
Calculate the remainder when 68 is divided by 36.
32
Calculate the remainder when 3263 is divided by 6.
5
Calculate the remainder when 56 is divided by 21.
14
What is the remainder when 120 is divided by 41?
38
What is the remainder when 1492 is divided by 8?
4
What is the remainder when 131 is divided by 19?
17
What is the remainder when 1826 is divided by 68?
58
Calculate the remainder when 106 is divided by 51.
4
Calculate the remainder when 41 is divided by 22.
19
Calculate the remainder when 600 is divided by 184.
48
What is the remainder when 261 is divided by 44?
41
Calculate the remainder when 1461 is divided by 164.
149
What is the remainder when 32759 is divided by 180?
179
Calculate the remainder when 219 is divided by 11.
10
Calculate the remainder when 25469 is divided by 199.
196
Calculate the remainder when 1430 is divided by 53.
52
What is the remainder when 490 is divided by 27?
4
Calculate the remainder when 5793 is divided by 578.
13
What is the remainder when 317 is divided by 11?
9
Calculate the remainder when 167 is divided by 84.
83
Calculate the remainder when 719 is divided by 40.
39
What is the remainder when 510 is divided by 32?
30
What is the remainder when 776 is divided by 113?
98
Calculate the remainder when 320 is divided by 270.
50
What is the remainder when 410 is divided by 103?
101
Calculate the remainder when 137 is divided by 4.
1
Calculate the remainder when 5993 is divided by 38.
27
What is the remainder when 429 is divided by 5?
4
Calculate the remainder when 836 is divided by 276.
8
Calculate the remainder when 6